{"id":2,"date":"2012-05-20T19:59:03","date_gmt":"2012-05-20T19:59:03","guid":{"rendered":"http:\/\/www.kim.egov.pl\/?page_id=2"},"modified":"2018-01-30T20:49:48","modified_gmt":"2018-01-30T20:49:48","slug":"przykladowa-strona","status":"publish","type":"page","link":"https:\/\/www.kim.egov.pl\/?page_id=2","title":{"rendered":"O autorze"},"content":{"rendered":"<p><strong><a href=\"http:\/\/www.kim.egov.pl\/wp-content\/uploads\/2012\/05\/Sobczak.jpg\"><img loading=\"lazy\" class=\"size-full wp-image-15 alignleft\" title=\"Sobczak\" src=\"http:\/\/www.kim.egov.pl\/wp-content\/uploads\/2012\/05\/Sobczak.jpg\" alt=\"\" width=\"300\" height=\"200\" \/><\/a><\/strong><\/p>\n<p><strong>Prof. dr hab. Andrzej Sobczak<\/strong>\u00a0\u2013 kierownik Zak\u0142adu Zarz\u0105dzania Informatyk\u0105 w Instytucie Informatyki i Gospodarki Cyfrowej Szko\u0142y G\u0142\u00f3wnej Handlowej w Warszawie. Dyrektor O\u015brodka Studi\u00f3w nad Cyfrowym Pa\u0144stwem. Absolwent Politechniki \u0141\u00f3dzkiej oraz Uniwersytetu \u0141\u00f3dzkiego.<\/p>\n<p>Odby\u0142 sta\u017ce na University of Waterloo (Kanada), University of Stratclyde (Szkocja), University of Manchester (Wielka Brytania), University of York (Wielka Brytania), Trinity College (Irlandia), Center of Health Informatics (Irlandia).<\/p>\n<p>Uko\u0144czy\u0142 szkolenia z zakresu analizy i projektowania system\u00f3w informatycznych z zastosowaniem j\u0119zyka UML (certyfikat IBM Rational) oraz architektury korporacyjnej (certyfikaty TOGAF oraz ArchiMate). Uczestniczy\u0142 w szkoleniach z zakresu m.in: metodyki MSP (certyfikat MSP Foundation), RUP, Prince2, ITIL (certyfikat ITIL Foundation), zarz\u0105dzania portfelem projekt\u00f3w, Balance Scorecard, budowy strategii organizacji.<\/p>\n<p>Od kilku lat zajmuje si\u0119 zarz\u0105dzaniem strategicznym IT i architektur\u0105 korporacyjn\u0105 (Enterprise Architecture) \u2013 w szczeg\u00f3lno\u015bci zastosowaniem tej koncepcji w transformacji dzia\u0142ania organizacji \u2013 zar\u00f3wno na poziomie biznesowym jak i IT.\u00a0Obecnie swoje zainteresowania naukowe i doradcze koncentruje wok\u00f3\u0142 problematyki zaawansowanej automatyzacji i robotyzacji proces\u00f3w i us\u0142ug biznesowych.\u00a0Prowadzi serwis\u00a0<a href=\"https:\/\/robonomika.pl\/\">Robonomika.pl<\/a>.<\/p>\n<p>Uczestniczy\u0142 w projektach doradczych i prowadzi\u0142 szkolenia z tego obszaru m.in. dla: Orange, Netia, Polskiego Banku Kom\u00f3rek Macierzystych, DB Schenker, BG\u017b BNP Pariba, Getin Noble Bank, ING Banku, BZK WBK,\u00a0KRUK, PZU, Nationale Nederlanden, Europejskiego Funduszy Leasingowego, Neuca, Nomax, Nowy Styl Group, PKP Informatyka, PGE Systemy, Grupy TAURON Polska Energia, Polskich\u00a0Sieci Elektroenergetycznych, TVN, Banku Gospodarstwa Krajowego, Narodowego Banku Polskiego, Resortu Finans\u00f3w, Ministerstwa Spraw Zagranicznych, Ministerstwa Cyfryzacji, Zak\u0142adu Ubezpiecze\u0144 Spo\u0142ecznych, Agencji Restrukturyzacji i Modernizacji Rolnictwa, Pa\u0144stwowej Inspekcji Pracy, Pa\u0144stwowej Inspekcji Sanitarnej, Pa\u0144stwowego Instytutu Geologicznego, Miejskich Zak\u0142ad\u00f3w Autobusowych w Warszawie.<\/p>\n<p>Jako ekspert bra\u0142 udzia\u0142 w pracach nad wykorzystaniem koncepcji architektury korporacyjnej w jednostkach administracji publicznej. Prace te sfinansowane zosta\u0142y ze \u015brodk\u00f3w unijnych w ramach projektu \u201eInnovative Enterprise Architecture Education and Training Based on Web 2.0 Technologies\u201d.<\/p>\n<p>Przez wiele lat by\u0142 zaanga\u017cowany w prace mi\u0119dzynarodowego konsorcjum The Open Group w zakresie lokalizacji i promocji ram architektury korporacyjnej TOGAF w Polsce. Certyfikowany szkoleniowiec TOGAF (certyfikowa\u0142 ponad 400 os\u00f3b w Polsce).<\/p>\n<p>Jest pomys\u0142odawc\u0105 i tw\u00f3rc\u0105\u00a0<a href=\"http:\/\/www.akademiastandardowit.pl\/\" target=\"_blank\" rel=\"noopener\">Akademii Standard\u00f3w IT<\/a>. Jest to przedsi\u0119wzi\u0119cie promuj\u0105ce wykorzystanie dobrych wzorc\u00f3w (takich jak TOGAF, ITIL, COBIT, Prince2\/PMBOOK, BABOK) w obszarze zarz\u0105dzania IT w firmach i urz\u0119dach.<\/p>\n<p>Autor blisko 100 publikacji, artyku\u0142\u00f3w i prezentacji z zakresu architektury korporacyjnej, in\u017cynierii oprogramowania, informatyzacji administracji publicznej (pe\u0142na lista publikacji dost\u0119pna jest na stronie\u00a0<a href=\"http:\/\/www.andrzejsobczak.net\/\" target=\"_blank\" rel=\"noopener\">www.AndrzejSobczak.net<\/a>).\u00a0\u00a0Wsp\u00f3\u0142redaktor i wsp\u00f3\u0142autor ksi\u0105\u017cki \u00a0\u201cWst\u0119p do architektury korporacyjnej\u201d, kt\u00f3ra jako pierwsza pozycja w Polsce w ca\u0142o\u015bci\u00a0po\u015bwi\u0119cona jest architekturze korporacyjnej. Ksi\u0105\u017cka ta zosta\u0142a przygotowywana w ramach Og\u00f3lnopolskiego Mi\u0119dzyuczelnianego Seminarium \u201cProblemy badawcze i projektowe informatyzacji pa\u0144stwa\u201d. Autor monografii \u201eFormu\u0142owanie i zastosowanie pryncypi\u00f3w architektury korporacyjnej w organizacjach publicznych\u201d wydanej przez Szko\u0142\u0119 G\u0142\u00f3wn\u0105 Handlow\u0105 w Warszawie.\u00a0W lutym 2013 opublikowa\u0142 monografi\u0119 \u201c<a href=\"http:\/\/kompendium.architekturakorporacyjna.pl\/\" target=\"_blank\" rel=\"noopener\">Architektura korporacyjna. Aspekty teoretyczne i wybrane zagadnienia praktyczne<\/a>\u201c, kt\u00f3ra stanowi podsumowanie 3 lat jego bada\u0144 w tym obszarze. W kwietniu 2013 r. udost\u0119pni\u0142 pierwszy w Polsce e-book w ca\u0142o\u015bci po\u015bwi\u0119cony architekturze korporacyjnej pt. \u201c<a href=\"http:\/\/architekturakorporacyjna.pl\/wp-content\/plugins\/download-monitor\/download.php?id=36\" target=\"_blank\" rel=\"noopener\">Oblicza architektury korporacyjnej<\/a>\u201c.<\/p>\n<p>Cz\u0142onek Naukowego Towarzystwa Informatyki Ekonomicznej (NTIE).<\/p>\n<p>Prywatnie szcz\u0119\u015bliwy m\u0105\u017c Ani i dumny tata Krzysia oraz Zosi :).<\/p>\n","protected":false},"excerpt":{"rendered":"<p>Prof. dr hab. Andrzej Sobczak\u00a0\u2013 kierownik Zak\u0142adu Zarz\u0105dzania Informatyk\u0105 w Instytucie Informatyki i Gospodarki Cyfrowej Szko\u0142y G\u0142\u00f3wnej Handlowej w Warszawie. Dyrektor O\u015brodka Studi\u00f3w nad Cyfrowym Pa\u0144stwem. Absolwent Politechniki \u0141\u00f3dzkiej oraz Uniwersytetu \u0141\u00f3dzkiego. Odby\u0142 sta\u017ce na University of Waterloo (Kanada), University &hellip; <a href=\"https:\/\/www.kim.egov.pl\/?page_id=2\">Czytaj dalej <span class=\"meta-nav\">&rarr;<\/span><\/a><\/p>\n","protected":false},"author":1,"featured_media":0,"parent":0,"menu_order":0,"comment_status":"open","ping_status":"open","template":"","meta":[],"_links":{"self":[{"href":"https:\/\/www.kim.egov.pl\/index.php?rest_route=\/wp\/v2\/pages\/2"}],"collection":[{"href":"https:\/\/www.kim.egov.pl\/index.php?rest_route=\/wp\/v2\/pages"}],"about":[{"href":"https:\/\/www.kim.egov.pl\/index.php?rest_route=\/wp\/v2\/types\/page"}],"author":[{"embeddable":true,"href":"https:\/\/www.kim.egov.pl\/index.php?rest_route=\/wp\/v2\/users\/1"}],"replies":[{"embeddable":true,"href":"https:\/\/www.kim.egov.pl\/index.php?rest_route=%2Fwp%2Fv2%2Fcomments&post=2"}],"version-history":[{"count":17,"href":"https:\/\/www.kim.egov.pl\/index.php?rest_route=\/wp\/v2\/pages\/2\/revisions"}],"predecessor-version":[{"id":628,"href":"https:\/\/www.kim.egov.pl\/index.php?rest_route=\/wp\/v2\/pages\/2\/revisions\/628"}],"wp:attachment":[{"href":"https:\/\/www.kim.egov.pl\/index.php?rest_route=%2Fwp%2Fv2%2Fmedia&parent=2"}],"curies":[{"name":"wp","href":"https:\/\/api.w.org\/{rel}","templated":true}]}}